4.
24
What is the remainder when 2074 is divided by 9?
4
Calculate the remainder when 228105 is divided by 11.
9
Calculate the remainder when 19605 is divided by 185.
180
Calculate the remainder when 6268 is divided by 273.
262
Calculate the remainder when 4448 is divided by 846.
218
What is the remainder when 3803356 is divided by 91?
11
What is the remainder when 3535 is divided by 1176?
7
Calculate the remainder when 48541 is divided by 148.
145
Calculate the remainder when 1496 is divided by 890.
606
Calculate the remainder when 103281 is divided by 171.
168
Calculate the remainder when 16073 is divided by 954.
809
What is the remainder when 8159 is divided by 835?
644
Calculate the remainder when 60769 is divided by 732.
13
What is the remainder when 3488 is divided by 695?
13
Calculate the remainder when 26335 is divided by 177.
139
What is the remainder when 3147 is divided by 176?
155
Calculate the remainder when 6361 is divided by 66.
25
What is the remainder when 355904 is divided by 2542?
24
What is the remainder when 2242699 is divided by 164?
163
Calculate the remainder when 21547 is divided by 162.
1
What is the remainder when 235751 is divided by 2245?
26
Calculate the remainder when 22159 is divided by 249.
247
Calculate the remainder when 62989 is divided by 248.
245
What is the remainder when 7640 is divided by 610?
320
Calculate the remainder when 2655 is divided by 1316.
23
Calculate the remainder when 862452 is divided by 83.
82
Calculate the remainder when 23290 is divided by 100.
90
What is the remainder when 5579 is divided by 90?
89
Calculate the remainder when 15134 is divided by 648.
230
What is the remainder when 9938 is divided by 118?
26
What is the remainder when 12904 is divided by 21?
10
Calculate the remainder when 2118559 is divided by 62.
19
Calculate the remainder when 1669 is divided by 1004.
665
Calculate the remainder when 6650 is divided by 9.
8
What is the remainder when 4415 is divided by 94?
91
What is the remainder when 59891 is divided by 31?
30
Calculate the remainder when 378 is divided by 40.
18
What is the remainder when 28341 is divided by 25?
16
Calculate the remainder when 132066 is divided by 971.
10
Calculate the remainder when 222478 is divided by 9269.
22
What is the remainder when 310572 is divided by 826?
822
Calculate the remainder when 3758 is divided by 19.
15
What is the remainder when 9975 is divided by 8?
7
What is the remainder when 2356 is divided by 8?
4
What is the remainder when 7746 is divided by 2042?
1620
What is the remainder when 59618 is divided by 257?
251
What is the remainder when 24322 is divided by 3039?
10
Calculate the remainder when 289647 is divided by 18.
9
What is the remainder when 112284 is divided by 15?
9
What is the remainder when 3900 is divided by 1290?
30
Calculate the remainder when 8704 is divided by 393.
58
What is the remainder when 3869 is divided by 1847?
175
Calculate the remainder when 61227 is divided by 165.
12
Calculate the remainder when 134899 is divided by 67429.
41
What is the remainder when 891 is divided by 140?
51
What is the remainder when 84565 is divided by 11?
8
Calculate the remainder when 13980 is divided by 298.
272
Calculate the remainder when 4454 is divided by 96.
38
What is the remainder when 35764 is divided by 41?
12
What is the remainder when 4429736 is divided by 212?
208
What is the remainder when 22248 is divided by 454?
2
Calculate the remainder when 697 is divided by 8.
1
Calculate the remainder when 423398 is divided by 12097.
3
Calculate the remainder when 2373 is divided by 767.
72
Calculate the remainder when 308681 is divided by 2450.
2431
Calculate the remainder when 416345 is divided by 3.
2
What is the remainder when 18970 is divided by 1723?
17
Calculate the remainder when 15891 is divided by 2270.
1
Calculate the remainder when 4093949 is divided by 1225.
1224
Calculate the remainder when 459615 is divided by 16.
15
Calculate the remainder when 87725 is divided by 54.
29
What is the remainder when 1567876 is divided by 13?
11
What is the remainder when 54747 is divided by 13628?
235
Calculate the remainder when 13329 is divided by 533.
4
What is the remainder when 5185 is divided by 1265?
125
What is the remainder when 35798 is divided by 35?
28
What is the remainder when 22033 is divided by 221?
154
Calculate the remainder when 84191 is divided by 4.
3
What is the remainder when 9761 is divided by 945?
311
Calculate the remainder when 4076262 is divided by 1358754.
0
What is the remainder when 172472 is divided by 83?
81
Calculate the remainder when 72965 is divided by 598.
9
What is the remainder when 99162 is divided by 179?
175
Calculate the remainder when 65083 is divided by 16.
11
What is the remainder when 99528 is divided by 185?
183
Calculate the remainder when 526 is divided by 55.
31
What is the remainder when 320585 is divided by 4?
1
Calculate the remainder when 2420 is divided by 31.
2
Calculate the remainder when 57762 is divided by 494.
458
Calculate the remainder when 45030 is divided by 369.
12
Calculate the remainder when 4863739 is divided by 35.
34
Calculate the remainder when 13219 is divided by 3176.
515
What is the remainder when 4549 is divided by 1509?
22
What is the remainder when 82547 is divided by 50?
47
What is the remainder when 9043 is divided by 141?
19
What is the remainder when 46339 is divided by 233?
205
Calculate the remainder when 260587 is divided by 71.
17
What is the remainder when 49982 is divided by 24969?
44
What is the remainder when 4424 is divided by 62?
22
What is the remainder when 1219 is divided by 185?
109
Calculate the remainder when 45858 is divided by 28.
22
Calculate the remainder when 120624 is divided by 2193.
9
Calculate the remainder when 137928 is divided by 16.
8
Calculate the remainder when 2328 is divided by 122.
10
What is the remainder when 1719 is divided by 366?
255
Calculate the remainder when 43671 is divided by 23.
17
What is the remainder when 15974 is divided by 108?
98
What is the remainder when 6038 is divided by 2849?
340
Calculate the remainder when 2461 is divided by 168.
109
What is the remainder when 28563 is divided by 192?
147
What is the remainder when 850 is divided by 136?
34
What is the remainder when 39652 is divided by 3580?
272
Calculate the remainder when 14209 is divided by 308.
41
What is the remainder when 4088 is divided by 369?
29
Calculate the remainder when 5499 is divided by 2733.
33
What is the remainder when 21328 is divided by 237?
235
What is the remainder when 1172583 is divided by 586?
583
Calculate the remainder when 8113 is divided by 3989.
135
What is the remainder when 20464 is divided by 20402?
62
Calculate the remainder when 173013 is divided by 127.
39
Calculate the remainder when 131305 is divided by 68.
65
What is the remainder when 29657 is divided by 549?
11
Calculate the remainder when 3615 is divided by 110.
95
What is the remainder when 3464 is divided by 1510?
444
Calculate the remainder when 1536 is divided by 723.
90
Calculate the remainder when 25118 is divided by 8275.
293
Calculate the remainder when 291226 is divided by 32.
26
What is the remainder when 2184 is divided by 73?
67
Calculate the remainder when 7019 is divided by 233.
29
Calculate the remainder when 441413 is divided by 60.
53
Calculate the remainder when 300960 is divided by 180.
0
Calculate the remainder when 12709 is divided by 101.
84
Calculate the remainder when 11721 is divided by 194.
81
Calculate the remainder when 86857 is divided by 317.
316
What is the remainder when 27574 is divided by 166?
18
Calculate the remainder when 2578 is divided by 160.
18
Calculate the remainder when 64131 is divided by 12826.
1
What is the remainder when 9294 is divided by 278?
120
Calculate the remainder when 3567 is divided by 1779.
9
What is the remainder when 206247 is divided by 10855?
2
Calculate the remainder when 3947 is divided by 3935.
12
What is the remainder when 244457 is divided by 10?
7
Calculate the remainder when 5837 is divided by 23.
18
Calculate the remainder when 1451510 is divided by 7.
4
Calculate the remainder when 2914 is divided by 718.
42
Calculate the remainder when 1468 is divided by 353.
56
Ca